)?
8
Let t = 1151 - -355. What is the thousands digit of t?
1
Let h be (-1026650)/(-20) - 1/2. What is the units digit of h/123*3*1?
2
Let s(h) = h**3 + 87*h**2 + 140*h + 322. What is the thousands digit of s(-85)?
2
Let p be (-137)/5 + (-8)/(-20) + 0. Let o be (20/(-15))/(3/p). Let f = 135 - o. What is the units digit of f?
3
Suppose 0 = -5*d + 4*c - 7579, 4*d - d + 4573 = -4*c. Let v = d + 2384. What is the hundreds digit of v?
8
Suppose 8*r - 8 = 6*r. What is the units digit of (2043/27 + r)*3?
9
Suppose 0 = -5*q + 2*u + 3*u + 60, -q - 3*u = 4. What is the units digit of (-3)/6*q - -19?
5
Suppose 0*w - 31*w - w = -1478048. What is the ten thousands digit of w?
4
Suppose 0 = -4*d + 4*g + 4, -d + 4 = -4*g - 0. Suppose d = 25*s - 19*s - 1068. What is the tens digit of s?
7
Let j(l) = l + 1. Let q(u) = u**3 + 3*u**2 - 7*u + 10. Let n(r) = 3*j(r) - q(r). What is the units digit of n(-8)?
3
Let w(p) = -p**3 - 38*p**2 - 48*p - 89. Let l be w(-37). Let b = -2 - -6. Suppose -l = -b*y - 0*y + z, -324 = -4*y + 4*z. What is the units digit of y?
9
Suppose 4*y = 2*r + 23652, 3857 = -y + 4*r + 9763. What is the hundreds digit of y?
9
Let a be (-4)/(-14) + (-182)/(-49). What is the tens digit of (-3)/(-6)*(1238 - (0 + a))?
1
Suppose -39*g = -20*g - 1836 + 677. Let t = 7 - -2. What is the hundreds digit of 5/2*(g + t)?
1
What is the thousands digit of -5 + 69987 + -7 + 10 + 0 + -6?
9
Suppose -2*f - 3*f = 3*f. Let w be (-4804)/(-28) + f + 12/(-21). Suppose 0 = l - 4*m - w, -5*l = -3*m - 223 - 598. What is the tens digit of l?
6
Let r be (-2)/(-12) - ((-93)/(-18) + 3). Let p = r - 14. Let w = 15 - p. What is the units digit of w?
7
What is the units digit of 81*(-7)/(-21)*(-2 - -289)?
9
Let l(k) = 82*k**2 + 4*k + 337. What is the ten thousands digit of l(-12)?
1
Suppose 0 = 3*o + 7*j - 19979, -4*o - 21*j + 26616 = -23*j. What is the units digit of o?
5
Let u(b) = -b**3 - 22*b**2 + 2*b + 30. Let m be u(-22). Let q = 86 - m. What is the tens digit of q?
0
Let u(a) = -a**3 + 4*a**2 - 5. Let b be u(3). Suppose -3*g + 2*g = -b. What is the units digit of 17/g*40/10?
7
Suppose 24 - 4 = 5*a + 5*r, a + 2*r - 6 = 0. Suppose 210 = a*b + 134. What is the units digit of b?
8
Let m(v) = 4*v - 2. Let i be m(13). Let x be (100/8)/5*i. Suppose -4*p + 4*d = -468, 5*d + 0*d + x = p. What is the hundreds digit of p?
1
Suppose -15*l - 232227 = -20*l - 22*l. What is the units digit of l?
1
What is the tens digit of (-4)/(-20)*1*-2 + 431858/70?
6
Let y(m) be the third derivative of m**5/15 + m**4/8 + m**3/6 + 23*m**2. Let s be y(-1). Suppose -s*q - 2123 = -13*q. What is the hundreds digit of q?
1
Let k(m) = m**2 - 4*m + 470. Suppose 0*a - 4*a - a = 0. Let i be k(a). Suppose 4*u = 2*y + i, 2*u - 269 = 2*y - 31. What is the units digit of u?
6
Let g(s) = -262*s**3 + 10*s**2 - 4*s + 33. What is the hundreds digit of g(-5)?
0
Suppose 4*b + 3*c = -0*c + 19, 20 = 2*b - 2*c. What is the tens digit of 3/b + 1450/14?
0
Let l(b) = -b**2 - 20*b + 72. Let k = -966 - -949. What is the tens digit of l(k)?
2
Let a = 38028 + -18642. What is the tens digit of a?
8
Let y = -84 + -479. Let m = y - -1068. What is the units digit of m?
5
Let z(v) = v**2 + 8*v - 438. What is the units digit of z(-62)?
0
Suppose -20 = -2*i + 2*p, -9*i = -7*i - 4*p - 24. Suppose i*m - 6193 = -3*m. What is the units digit of m?
3
Suppose -20978*n - 13912 = -20980*n. What is the tens digit of n?
5
Let y be (-1)/3 - (0 - (-1)/(-3)). Suppose 5*m + 3*j + 2610 - 8487 = y, 0 = -m - 3*j + 1173. What is the hundreds digit of m?
1
Let r = 7816 - 3582. What is the tens digit of r?
3
Suppose -7*v = 4*g - 4*v - 84, 0 = -5*v. Let n be 2/(-6) - 80/(-15). Let m = g + n. What is the units digit of m?
6
Let v(g) = 17*g**2 - 169*g - 6338. What is the thousands digit of v(-59)?
2
What is the units digit of (-3 + 12)/9*(-4 - -7795)?
1
Let q(f) = 109*f + 5. Let j = 54 + -16. Let m = j - 37. What is the tens digit of q(m)?
1
Let z be 2 - (-2 - (-4 + 0)). Let f(t) be the second derivative of -t**5/20 + t**3/6 + 18*t**2 - 55*t. What is the tens digit of f(z)?
3
Let p(l) = -l**2 + l + 3. Let c be p(2). Suppose 2*a + a + 3 = -3*y, -4*a = 3*y + c. Suppose -11 = -a*n + 31. What is the tens digit of n?
2
Suppose -5 + 23 = 6*q. Suppose q*n - 132 = -3*o, -8*n + 193 = -3*n - 4*o. What is the tens digit of n?
4
Let q be (2/(-3))/(0 - -1)*3. Let n be (1 + -1)*1/q. Suppose p - 5*j - 94 = 8, 3*p - 3*j - 246 = n. What is the units digit of p?
7
Let c be 3/(-3) + (8 - 4). Suppose -2*y = -5*o - 0*y + 85, 75 = 4*o - c*y. What is the units digit of o*(72/60 - (-1)/(-5))?
5
What is the hundreds digit of 1208768/26 - 162/2106?
4
Let m(p) = -p**3 + 13*p**2 - 3*p + 3. Let v be m(10). Let x = -145 + v. Let h = x + -28. What is the units digit of h?
0
Let a = 23813 + -3316. What is the hundreds digit of a?
4
Let n be (2 - -5)/(-3 - (-14)/4). Let m = n - 20. What is the units digit of -3*m/(-9) + 5*5?
3
Let p be (6/4)/(2*(-15)/(-80)). Suppose -2*q = -5*q + p*m + 479, 3*q - 464 = m. What is the hundreds digit of q?
1
Let p(m) = 3*m. Let s be p(-6). Let y(c) = c**3 - 10*c**2 + 5*c. Let u be y(6). Let g = s - u. What is the units digit of g?
6
Suppose 5*j + 10 = 9*j + 2*a, -j - a = -5. Suppose 0 = -j*p + 10*p - 6740. What is the tens digit of p?
7
Let g = 385 - 133. Suppose -257*c + 1100 = -g*c. What is the tens digit of c?
2
Let p = -795 + -354. Let r = p + 2159. What is the hundreds digit of r?
0
Let l = -95 + 96. What is the hundreds digit of (3*-107 - l)/((-158)/237)?
4
Let t(h) = 21*h**3 - h**2 + 1. Let x be (-6)/(-4)*(-54)/81. Let s be t(x). What is the tens digit of 7/s*(-1 + -536)?
7
Suppose h - 5*c - 28 = 0, -5*h - 4*c + 24 = -0*h. Suppose 2*l = h, -4*n + n + 853 = -5*l. What is the units digit of n?
1
Let v(h) = 6*h**2 + 51*h. Suppose 244 + 22 = -14*i. What is the tens digit of v(i)?
9
Let u(l) = -l**2 + 4*l - 13. Let n be 6/(-18) - 102/(-9). Let y be u(n). Let v = y - -162. What is the units digit of v?
2
Let l = -409 + 419. Suppose -3*f = 3*m - 339, 16 = -6*m + l*m. What is the hundreds digit of f?
1
Suppose -25 = 10*x - 95. Let t be (-77)/(-28) + 2/8. Suppose t*d = x*d - 4. What is the units digit of d?
1
Let u(m) = -917*m + 4295. What is the hundreds digit of u(-46)?
4
What is the units digit of 368/(-96) + 4 + 76317/18?
0
What is the tens digit of ((-15790)/4 + -1 + 0)*(-17256)/2876?
9
What is the tens digit of ((-14)/28)/((-4 + 1)/28758)?
9
Let o(r) = -17*r**2 + 32*r - 20. Let g be o(10). Let t = -686 - g. What is the units digit of t?
4
Let t be (-3)/((-6)/20)*(-1 + 39). Suppose -5*d = -5*v - t, v - 6*v + d - 368 = 0. Let f = v - -133. What is the tens digit of f?
6
Suppose -10*s - 2314 = -8*s + 5*l, -l + 1171 = -s. Let g = s + 2483. Suppose 10*j = g + 154. What is the tens digit of j?
4
Let g be 4/(-14) - 16/(-56). Let m be (g - -4)/((-6)/213). Let h = m - -237. What is the units digit of h?
5
Let k be 2/(((-35)/14)/(-5)). Suppose -r + 3 = 0, 2*i + 4*r + 255 = 5*r. What is the hundreds digit of 0 + k + -4 - i?
1
Suppose -1150 = 2*g - 16. Let c = -255 - g. What is the tens digit of c?
1
Suppose 0 = 82*y + 53*y - 216238 - 396392. What is the thousands digit of y?
4
Let i = 15 + 9. Suppose i*g = 27*g + 387. Let w = -25 - g. What is the units digit of w?
4
Let q(k) = -k**3 - 6*k**2 + 2*k - 10. Suppose 5*m = m. Let d(y) = y**3 + y**2 - y - 7. Let s be d(m). What is the tens digit of q(s)?
2
Suppose -8*u + 5*f + 222 = -6*u, -5*u + 2*f + 597 = 0. Suppose 2*q + 1 - 5 = 0. Suppose -3*h - u = -2*k, -q*h + 161 = 4*k - 105. What is the units digit of k?
5
Let y = -18131 - -44950. What is the thousands digit of y?
6
Suppose -17*i - 78078 = -22*i - 8*i. What is the units digit of i?
6
Let b be (5 + (-80)/15)/((-2)/42). Let u be (b - 5)/(1/(10/4)). Suppose 2*z + l - 132 = 0, 264 = 4*z - l + u*l. What is the units digit of z?
6
Suppose -2*h + z + 27 = 18, -2*z = 5*h - 45. Let k = 113 + -58. Let q = k - h. What is the units digit of q?
8
Suppose 4*f + 41631 = 4*s + f, 2*s - 20823 = 3*f. What is the hundreds digit of s/36 - 2/(-1)*1?
2
Let q(o) = -o**3 - 5*o**2 + 6*o. Suppose 6 = -3*c - 12. Let d be q(c). Suppose -5*t + 60 + 305 = d. What is the tens digit of t?
7
Suppose -2*y = 1121*z - 1124*z - 58352, z = -4*y + 116704. What is the units digit of y?
6
Suppose 17*f